late the greatest common factor of x and a.
9
Suppose -3*h + 3*g + 750 = 0, -50*h + 46*h + 5*g + 995 = 0. Calculate the highest common factor of 60 and h.
15
Suppose 287*q - 5744 = -159*q + 87*q. Let d = 3 - 4. Let i be 20 - 0/(-3)*d. Calculate the highest common divisor of i and q.
4
Suppose -64 = -y - 3*y. Suppose -2*v + 4 = 3*k - 2*k, 5*k = 3*v - 6. Let j be 6 + -2 - ((-176 - k) + 4). Calculate the greatest common factor of j and y.
16
Let o(k) = -6*k - 144. Let j be o(-60). Calculate the highest common factor of j and 828.
36
Let o be 460 - (3 - (6 + -3)). Suppose -3464 = 2910*m - 3046*m - 744. Calculate the greatest common divisor of m and o.
20
Let t = 728 + 158. Let w = 888 - t. Calculate the greatest common divisor of 62 and w.
2
Let w(t) = -136*t**2 - 3174*t - 159. Let r be w(-23). Suppose -k + 4*k = 87. Calculate the greatest common divisor of k and r.
29
Suppose -1187 = -2*z + 373. Suppose 5*c + 2*r = 785, c + r = -4*c + z. Let x = c - 134. Calculate the highest common divisor of 231 and x.
21
Suppose 4*s = -9*b + 4*b + 283, 0 = -s - 3. Let t be (-7)/21 - b/3. Let z be 220 + 5/t*-4. What is the highest common divisor of 13 and z?
13
Let y be -255*(-4 - -2)*12750/450. What is the greatest common divisor of y and 100?
50
Suppose 24*a - 56839 = -17202 + 27731. What is the highest common factor of a and 7?
7
Suppose 5*u - 133 = -3*h, -2*u - 59 = -h + 11. Calculate the greatest common factor of h and 1688.
8
Let u = 18534 + -18468. Let y(w) = -w - 3. Let p be y(-4). Let g(i) = 44*i**2 - i + 1. Let j be g(p). What is the greatest common factor of j and u?
22
Let o(j) = -3*j - 16. Let f be o(-11). Suppose f*i - 21*i + 520 = 0. What is the highest common factor of 195 and i?
65
Let u(f) = 3*f - 10. Let c be u(6). Let m be c/(-44) + 5/((-55)/(-1212)). What is the highest common divisor of 90 and m?
10
Suppose -2659*k = -2658*k - 5. Calculate the greatest common factor of k and 1835.
5
Let r be -1 - 8 - (-340)/20. Let b(n) = -44*n + 432. Let w be b(r). Calculate the highest common factor of 25 and w.
5
Let v = 518 + -263. Calculate the greatest common factor of 465 and v.
15
Let b(u) = -38*u - 5. Let x be b(-4). Suppose 0 = 14*h - 25*h + 44. Let a(w) = 12*w - 27. Let v be a(h). What is the highest common factor of x and v?
21
Suppose 0 = -4*b, -53 = d + 3*b - 204. Let c = -121 + d. What is the highest common factor of c and 270?
30
Let z(w) = 412*w - 388. Let i be z(1). What is the greatest common factor of 147 and i?
3
Let i(f) = 15*f**2 + 43*f - 822. Let l be i(16). Calculate the highest common factor of l and 238.
34
Let m be (2 - (-12)/(-5))/(2/(-1405)). Let z = 291 - m. What is the greatest common divisor of 75 and z?
5
Suppose 8 = 4*c - 8*c - 3*v, 5*v = -5*c - 5. Let w be 114/1 - (-1 + c). What is the highest common factor of w and 48?
24
Suppose -m - 5*u + 128 = 0, -15*m + 16*m - 5*u = 88. Suppose 14*k = 2 + 166. What is the greatest common factor of m and k?
12
Suppose 5297*n + 840 = 5402*n. Suppose 34 + 1574 = 3*o. What is the highest common divisor of n and o?
8
Let o(u) = 2*u**2 + u + 2277. Let s be o(-95). Calculate the greatest common divisor of 24 and s.
24
Let j = 1171 + -447. Calculate the greatest common divisor of 8 and j.
4
Suppose 18*i - 11*i = 14. Let v(f) = 9*f**3 - 5*f**2 + 2*f + 1. Let k be v(i). What is the greatest common factor of 133 and k?
19
Suppose -5*b + 2804 = 2779, -5*b + 44757 = 2*j. Calculate the greatest common divisor of 106 and j.
106
Suppose m = 2 + 3. Let x be 4/(-5*(-1)/m). Suppose -73 = -5*j - n, 4*j - 52 = -0*n - x*n. Calculate the greatest common divisor of 6 and j.
3
Let x be ((-450)/(-175))/((-3)/(-980)*2). Calculate the greatest common divisor of 60 and x.
60
Let u be 4/(-18) + (-350)/126 - -13. Let l be (-14)/(0 + u/(-15)). Suppose 12 = 4*s - 12. Calculate the highest common factor of s and l.
3
Let y = -3817 + 4052. Calculate the highest common factor of 10857 and y.
47
Suppose 14*a - 1435 = -1239. Calculate the highest common factor of 1225 and a.
7
Suppose 2*q + 87 = 5*q. Let p(x) = 716*x + 3067. Let n be p(-4). Calculate the highest common factor of q and n.
29
Suppose 63386 = 44*h + 14898. Calculate the greatest common divisor of 58 and h.
58
Let o = 34 - 18. Let q(w) = 17*w**3 - 3*w**2 - 20*w + 22. Let p be q(1). What is the highest common factor of o and p?
16
Let s(h) = -h - 96*h + 88 - 57. Let u be s(-3). What is the greatest common factor of 46 and u?
46
Suppose -7*y + 196 = -98. Suppose 5*t - 278 = 37. What is the highest common factor of t and y?
21
Suppose -5*y = -y - 28. Suppose -3*q + y + 14 = 0. Calculate the greatest common divisor of 189 and q.
7
Let b be -3 - ((1 - 1) + (-25 - 71)). Let t = -61 + b. Calculate the greatest common divisor of 224 and t.
32
Let l(a) = 3*a - 8. Let t(i) = 4*i - 4 + 8 - 6*i. Let p(c) = -6*l(c) - 11*t(c). Let z be p(2). What is the highest common divisor of 84 and z?
12
Suppose 5*c + 4*t - 54 = 0, 4*c - 3*t - 76 = 2*t. Let o = 106 + -32. Suppose o = 2*s - 150. Calculate the highest common factor of c and s.
14
Suppose 3*s - 391 = 281. What is the greatest common divisor of 736 and s?
32
Let w = -10268 + 12638. Calculate the highest common factor of 90 and w.
30
Let r(a) = 6*a - 24. Let t = -175 + 188. Let f be r(t). Calculate the greatest common factor of f and 18.
18
Let p = 79 - -31. Suppose -144*l + 139*l = -p. Calculate the greatest common factor of l and 33.
11
Suppose -7439*x = -7445*x + 5724. Calculate the greatest common divisor of x and 126.
18
Suppose j - 2*n - 50 = 0, n + 2*n - 9 = 0. Let s = j + -26. Suppose s = 7*x - 6*x. Calculate the highest common factor of x and 45.
15
Let h be ((-60)/35)/(2/21). Let l be (150/h)/(3/(-11 - -2)). Suppose 0 = -0*p + 3*p - 825. What is the highest common factor of p and l?
25
Let w be (-215)/(-15)*21*3/21. What is the highest common factor of 1806 and w?
43
Suppose -2*w = 0, r + 2*r + 5*w - 87 = 0. Let f = -29 + r. Suppose -v - 2*o + 4 = f, 3*v - v + 5*o = 9. What is the greatest common divisor of v and 2?
2
Suppose -5*k = 5*a - 5, -30 + 15 = -5*a + 5*k. Suppose -a*r - 5*z = -5*r + 242, -z = 2*r - 170. What is the highest common divisor of 36 and r?
12
Let o be (-6)/(-4)*17*54. Let z be ((-15)/(-25))/((0 - -1)*188/25380). What is the greatest common factor of z and o?
81
Let c(b) = -b**3 - 15*b**2 - 44*b + 10. Let z be c(-11). What is the greatest common factor of 34130 and z?
10
Suppose g + 45 = m, 6*m = 4*m - 10. Suppose -2*z - i + 149 = 0, 0*z = -2*z + 2*i + 140. Let j = z + g. What is the highest common divisor of j and 161?
23
Suppose -5 = -2*g + 1, x + 2*g = 40. Let f be 12/10*(-50)/(-15). Suppose 3*r - 41 = f*d + 367, 5*d = 0. Calculate the highest common divisor of x and r.
34
Let u be (-10 - (-9 + 2))*(-4)/6. Suppose -4*y - u*y - 324 = 0. Let p = y + 58. Calculate the greatest common divisor of p and 20.
4
Suppose -3*a + a = -12. Let d be -4 + a - -6*1. Let l(f) = f**3 - 26*f**2 - 64*f + 244. Let n be l(28). Calculate the greatest common divisor of n and d.
4
Let y be ((-230)/(-50) + 13)*60. Calculate the greatest common divisor of 22 and y.
22
Suppose 5*z + 199 = 2*d + 2*d, 2*z = -6. Let h be (-2)/4 + d/4. Let a(x) = -120*x + 6284. Let o be a(52). Calculate the greatest common divisor of o and h.
11
Let g = 223 + -80. Suppose -3177 - 879 = -156*i. Calculate the highest common factor of g and i.
13
Suppose -5*t + 250 + 53 = o, -4*t = -20. Let f = o - -64. Let l(x) = 2*x**2 + 5*x - 14. Let m be l(4). What is the highest common factor of m and f?
38
Let x be (-36)/15*(-35)/21. Suppose 5*q - 3*b = -x*b + 489, -2*b - 394 = -4*q. What is the highest common factor of 112 and q?
14
Suppose 0 = -36*s + 32*s + 1596. Let u = -391 + s. Calculate the greatest common factor of u and 116.
4
Suppose -1699 - 282 = -33*u - 331. What is the highest common factor of u and 2325?
25
Let u(y) = -2*y**3 - 14*y**2 - 16*y - 81. Let v be u(-10). What is the highest common factor of 49 and v?
7
Suppose 10*d - 884 - 1076 = 0. Suppose -3*r + 738 = 3*t, 4*r - 788 = t + d. What is the highest common divisor of r and 6?
6
Let k = 57 - 35. Let l = 379 + -202. Suppose 0 = -12*o + 219 + l. What is the greatest common divisor of k and o?
11
Let a be 48/(-32) + 64392/16. Calculate the greatest common divisor of 54 and a.
27
